 is the remainder when s(-8) is divided by z(-9)?
0
Let r be -108 + -519 + (1 - -8). Let c = r + 735. Calculate the remainder when c is divided by 40.
37
Let x = -201 - -197. Let b(s) = s**2 - 2*s. Calculate the remainder when b(6) is divided by (15/(-10) - x/4)*-26.
11
Suppose -5*r - 4*a = -118897, 84*r = 81*r + 2*a + 71347. What is the remainder when r is divided by 46?
45
Let x(b) = 3*b + 93. Let a be x(-31). Suppose 5*q + a*q - 250 = 0. Calculate the remainder when 196 is divided by q.
46
Let s be 78/(-104)*(-42 - -1 - -1). Let d be 2502/s + 3/5. Suppose 5*p - 12 = -n, 3*p = -4*n + d + 15. Calculate the remainder when n is divided by 16.
11
Let f = 43 + -38. Calculate the remainder when 132 + 1 + -1 + f is divided by 20.
17
Let x(b) = 597*b**3 + 6*b**2 - 18. Calculate the remainder when x(2) is divided by 26.
24
What is the remainder when 1860 is divided by ((-3156)/(-84) - 3/(-7)) + 2 + -2?
36
Suppose 0 = -3*u + 6*u - u - 86. Calculate the remainder when u is divided by 16.
11
What is the remainder when 1368 is divided by 397/2 + (28/(-56) - 2)?
192
Suppose 5*a - 34 - 61 = 0. Let r(t) = 38*t - 14. Let n be r(-5). Let h = -130 - n. What is the remainder when h is divided by a?
17
Suppose -12*n = -n + 682. What is the remainder when 255 is divided by n/(-2) - (-144)/24?
33
Let u = -120 - -296. Suppose 0 = 13*n - 435 - u. Calculate the remainder when n is divided by 7.
5
Let f(t) = -2*t. Let k(o) = 16*o - 45. Let w(c) = -5*f(c) + k(c). What is the remainder when 229 is divided by w(2)?
5
Suppose 0 = -2*o + 4*a + 266, 2*o - o = 3*a + 134. Suppose 2*k - 33 = o. Suppose 5*g + 47 = k. Calculate the remainder when 19 is divided by g.
5
Let i be ((-29)/3)/(12/36). What is the remainder when (8/(-6) - 80/12)*i is divided by 47?
44
What is the remainder when 16/(-8)*120/(-1) is divided by 35?
30
Suppose -153*m = -5*v - 147*m + 196, 216 = 5*v - m. What is the remainder when 26573 is divided by v?
41
Calculate the remainder when 133 is divided by (-31 + (-4392)/(-96))*4/1.
15
Calculate the remainder when 908 is divided by (-4)/((-200)/15)*170.
41
Let c be (4*12/(-32))/(3/92). Let g = 49 + c. Let j(f) = f**2 + 9*f - 6. What is the remainder when j(-10) is divided by g?
1
Suppose -11 = -0*f - f. Let p = 3830 - 3802. What is the remainder when p is divided by f?
6
Suppose 16*i - 52*i + 223613 - 38321 = 0. What is the remainder when i is divided by 184?
179
Suppose -2*g = -7*g + 140. Suppose 0 = c - w + 3*w + 2, -3*w - 4 = 2*c. Calculate the remainder when 36 is divided by -2 + c + (g - 4/2).
14
Let f(d) = -d**2 + 22*d + 67. Let x be f(19). Suppose -9*m - 61 = -x. What is the remainder when 78 is divided by m?
1
Let h = -18845 - -19198. Calculate the remainder when 709 is divided by h.
3
Suppose 391*o + 432 = 418*o. Let s be 2/(-3) - 7/21. What is the remainder when ((-14)/(-8))/(s/(-36)) is divided by o?
15
Suppose c + 5*w - 55 = -4*c, -w = 5*c - 43. Calculate the remainder when 165 is divided by -6 - (56/c - 41).
25
Let g(a) = 9*a**2 - 204*a + 785. Calculate the remainder when 487 is divided by g(4).
35
Let u(j) = 2*j**3 - 23*j**2 + 91*j - 24. Calculate the remainder when 844 is divided by u(7).
156
Suppose -3*h + 506 = a, 3*a + 1486 = 1492. What is the remainder when 542 is divided by h?
38
Suppose -28*g + 2792 + 9472 = 0. What is the remainder when g is divided by 77?
53
Let r = -2331 - -2445. Calculate the remainder when r is divided by 16.
2
Let q(y) = 16*y + 742. Calculate the remainder when q(-29) is divided by 35.
33
Let k = 4697 + -4608. Calculate the remainder when k is divided by 18.
17
Let i = -23871 - -23925. Calculate the remainder when 140 is divided by i.
32
Let i(x) = -25*x**2 - 26*x + 50. Let h(l) = 37*l**2 + 39*l - 75. Let q(f) = 5*h(f) + 7*i(f). What is the remainder when q(-6) is divided by 65?
62
Let f(c) = -c**3 - 31*c**2 - 35*c - 91. Let t be (-6)/(-12)*-1 - 59/2. What is the remainder when f(t) is divided by 35?
24
Let n = -17 + 18. Let y(z) = z + 12 + 3*z + 5*z - 13. What is the remainder when 13 is divided by y(n)?
5
Suppose 0 = 2*p - 4, 0 = x + p + 4*p + 26. What is the remainder when 3/(x/(-8)) - (-651)/9 is divided by 15?
13
Let k(f) = -f + 3. Suppose -5*b - 45 = -4*c, 20 = -5*b - 5*c - 25. Calculate the remainder when k(b) is divided by (-9)/6*(-196)/441*9/2.
0
Let z(k) = -k + 1. Let v be z(-1). Suppose -4*r - g = -86, 9*g - 4*g + 10 = 0. Calculate the remainder when v*(-5 - -3)/(-8)*130 is divided by r.
21
Let u be (26/4 + 1)/((-9)/(-12)). Let t be (-55)/u*(-3 + 2)*-2. Let v = t - -14. What is the remainder when 9 is divided by v?
0
Let r = 68 - 109. Suppose -4*n - 24 + 65 = 3*z, 3*z - 5*n = 50. What is the remainder when -1 - r - (-1 - 2) is divided by z?
13
Let d = -468 - -488. What is the remainder when (9 - 11) + (1 - -39) is divided by d?
18
Let v = 17751 + -17507. Calculate the remainder when v is divided by 140.
104
Suppose 5*k - r - 42224 = 0, 0 = -0*k + k - 7*r - 8404. What is the remainder when k is divided by 119?
116
Suppose 101*s = -24*s + 3500. Let q = 36 + -7. Suppose -3*d - 50 = -4*t + 5, 2*t - q = d. What is the remainder when s is divided by t?
12
Suppose -3*i + 6*i + 2*i - 35 = 0. Suppose 6*l - 3*l - 120 = 0. What is the remainder when l is divided by i?
5
Suppose 0 = -2*x + 13 + 21. Let v = -157 - -309. Calculate the remainder when v is divided by x.
16
Suppose -23792 + 5666 = -114*u. Calculate the remainder when 320 is divided by u.
2
Let g(c) = -12*c - 7. Let s be g(-2). Suppose m = -s*m + 90. Calculate the remainder when 13 is divided by m.
3
Let c(f) = f**3 + 77*f**2 - 411*f + 203. What is the remainder when c(-82) is divided by 95?
0
Let h = 14480 + -14424. What is the remainder when 329 is divided by h?
49
Suppose 2715 + 1227 = 18*c. Calculate the remainder when c is divided by 192.
27
Let o(v) be the first derivative of 1 - 7/2*v**2 - 7/3*v**3 + 1/2*v**4 + 9*v. Calculate the remainder when o(6) is divided by 37.
36
Suppose -40 = 5*z - 15*z. Calculate the remainder when 1060 is divided by z.
0
Let j(v) = -188*v - 2411. Calculate the remainder when 187 is divided by j(-13).
22
Suppose 0 = -5*u - 10, -5*v + 2*u = -0*u - 154. What is the remainder when v is divided by (-147)/(-18) + (-1)/(-9)*345/(-230)?
6
Let j(m) = -3*m**2 - 2*m - 2*m**3 + 0*m - 5 - m. Let x(r) = r**2 - 12*r - 41. Calculate the remainder when x(19) is divided by j(-3).
30
Let b = -37 - -47. Suppose -3*i = 7*u - b*u + 15, 15 = -5*i. Calculate the remainder when 4 is divided by u.
0
Let z(b) = -b**3 - 9*b**2 + 3*b - 22. What is the remainder when 1004 is divided by z(-10)?
44
What is the remainder when ((-171558)/(-405))/(2/5) is divided by 360?
339
Let l = -1678 + 1683. Calculate the remainder when 76 is divided by l.
1
Suppose -20 = 4*a, -5*a - 6 = 3*m - 146. What is the remainder when 287 is divided by m?
12
Let t(x) = x**3 - 84*x**2 - 222*x + 1285. Calculate the remainder when t(87) is divided by 15.
13
Let i(g) = -g**2 - 17*g - 15. Let u be i(-17). What is the remainder when 23 is divided by 4/6 - 35/u?
2
Let d(j) = -6*j**2 + 33*j + 26. What is the remainder when 6094 is divided by d(6)?
6
Let l = 174 - 341. Let c = l + 400. What is the remainder when c is divided by 78?
77
Let w(v) = 6*v**2 + 21*v - 251. Calculate the remainder when w(-40) is divided by 230.
229
Suppose -5*n + 415 - 115 = 0. Let q = 775 - 664. Calculate the remainder when q is divided by n.
51
Let c = -1092 + 1104. Let h(d) = 47*d - 2. What is the remainder when h(1) is divided by c?
9
Suppose 0 = -167*y + 8441 + 2414. Calculate the remainder when y is divided by 47.
18
Let v(b) = -b**3 - 9*b**2 + 36*b + 11. Let a = 32 - 6. What is the remainder when a is divided by v(-12)?
4
Suppose 0 = 999*o - 1015*o + 2560. What is the remainder when o is divided by 36?
16
Let c be ((-4)/(-6))/(2 - 1132/564). Let s be 3/(-6)*c - (-2)/(-1). Suppose s = 4*k - 19. Calculate the remainder when 79 is divided by k.
15
Let v = 66 + -60. Let b be (-3)/((2 - -1)/(-1 + -1)). Suppose b*i = -22 + 80. What is the remainder when i is divided by v?
5
Let g = 83 - 84. Calculate the remainder when (67 - 3) + 1 - g is divided by 17.
15
Let u be (((-117)/(-6))/3)/(14/812). Suppose u + 107 = 11*d. Calculate the remainder when d is divided by 8.
4
Let h = 330 + -340. Let w(q) = -q. Suppose 